{"id":701,"date":"2021-10-01T20:02:26","date_gmt":"2021-10-01T19:02:26","guid":{"rendered":"http:\/\/www.fc-viechtach.de\/?page_id=701"},"modified":"2021-10-01T20:02:27","modified_gmt":"2021-10-01T19:02:27","slug":"umbaumassnahme-flutlichtanlage","status":"publish","type":"page","link":"https:\/\/fc-viechtach.de\/?page_id=701","title":{"rendered":"Umbauma\u00dfnahme Flutlichtanlage"},"content":{"rendered":"\n<div class=\"wp-block-image\"><figure class=\"aligncenter size-large\"><img loading=\"lazy\" decoding=\"async\" width=\"565\" height=\"853\" src=\"https:\/\/fc-viechtach.de\/wp-content\/uploads\/2021\/10\/Text.jpg\" alt=\"\" class=\"wp-image-703\" srcset=\"https:\/\/fc-viechtach.de\/wp-content\/uploads\/2021\/10\/Text.jpg 565w, https:\/\/fc-viechtach.de\/wp-content\/uploads\/2021\/10\/Text-199x300.jpg 199w\" sizes=\"auto, (max-width: 565px) 100vw, 565px\" \/><figcaption><a rel=\"noreferrer noopener\" href=\"http:\/\/www.ptj.de\/klimaschutzintiative-kommunen\" target=\"_blank\">http:\/\/www.ptj.de\/klimaschutzintiative-kommunen<\/a><\/figcaption><\/figure><\/div>\n\n\n\n<p><strong>Der 1. FC 1919 Viechtach als umweltfreundlicher Sportverein \u2013 LED-Leuchten f\u00fcr Flutlichtanlage<\/strong><\/p>\n\n\n\n<p><strong>01.10.2021<\/strong><\/p>\n\n\n\n<p>Einen weiteren wertvollen Beitrag zum Klima- und Umweltschutz sowie zur Energieeinsparung hat der 1. FC 1919 Viechtach in diesem Jahr geleistet.<\/p>\n\n\n\n<p>Die Flutlichtanlage auf dem Trainingsplatz der Regeninsel wurde auf LED-Technik umgestellt. Diese Ma\u00dfnahme, die neben dem Klima- und Umweltschutz auch eine Investition in die Zukunft des Vereins bedeutet, wurde im Lockdown 2021 umgesetzt.<\/p>\n\n\n\n<p>Erfreulich ist herbei auch, dass die Umbauma\u00dfnahme vom Bundesministerium f\u00fcr Umweltschutz und Naturschutz (BMU) und dem Bayerischen Landes-Sportverband (BLSV) gef\u00f6rdert wird.<\/p>\n\n\n\n<p>Der 1. Vorstand des FCV, Martin W\u00fchr, ist erfreut dar\u00fcber, dass mit diesem Projekt die \u201eVejdacher\u201c letztlich auch eine Vorreiter-Rolle im Landkreis Regen \u00fcbernommen haben. Die bestehende Flutlichtanlage auf dem Trainingsplatz der Regeninsel war mittlerweile 30 Jahre alt. Der Betrieb und m\u00f6gliche Ersatzbeschaffungen der Halogenstrahler und Kondensatoren ist sehr kostspielig und es war davon auszugehen, dass sich die Reparaturen oder der Austausch von Leuchtmitteln in Zukunft h\u00e4ufen werden. Zudem werden die vorher verbauten Quecksilberstrahler in naher Zukunft aus Umweltschutzgr\u00fcnden verboten und k\u00f6nnen somit beim Ausfall nicht mehr neu erworben werden.<\/p>\n\n\n\n<p>Auch waren die Vorschaltger\u00e4te der alten Anlage abgek\u00fcndigt (\u201e<em>End of Life<\/em>\u201c) worden und somit nicht mehr beschaffbar. Aus diesem Grund war die Umr\u00fcstung auf LED-Beleuchtung zuallererst Tagesordnungspunkt im Viechtacher Stadtrat.<\/p>\n\n\n\n<p>Der 1. FC 1919 Viechtach m\u00f6chte sich auf diesem Wege nochmals ausdr\u00fccklich bei der Stadtverwaltung und dem Viechtacher Stadtrat f\u00fcr die Unterst\u00fctzung und die gute Zusammenarbeit bedanken.<\/p>\n\n\n\n<p>Der sportliche Leiter des FCV, Tommi Reisinger, f\u00fchrte Anfang 2020 Gespr\u00e4che und nahm an Webinaren des bayerischen Fu\u00dfballverbands teil, bei dem die Vorteile einer LED-Beleuchtung erl\u00e4utert wurden. In einer der darauffolgenden Vorstandssitzungen des 1. FC 1919 Viechtach hatte der sportliche Leiter die Ma\u00dfnahme den Vorstandsmitgliedern vorgetragen, die sich schlie\u00dflich einstimmig f\u00fcr die Umr\u00fcstung der Flutlichtanlage aussprachen.<\/p>\n\n\n\n<p>Durch die LED-Beleuchtung wird nunmehr eine hundertprozentige Ausleuchtung des Trainingsplatzes garantiert, was die Trainingsbedingungen erheblich verbessert und auch die Trainingskapazit\u00e4ten erh\u00f6ht. Durch die neue Anlage kann der FCV mit einer Ersparnis der Stromkosten von bis zu 70 Prozent rechnen, was f\u00fcr den Verein ca. 1400 Euro weniger an Stromkosten im Jahr bedeutet.<\/p>\n\n\n\n<p>Mit einer Amortisierung der Investition kann in 6 Jahren gerechnet werden. Aufgrund der langen Lebensdauer der LED-Leuchten muss der Verein in den n\u00e4chsten 15 bis 20 Jahren auch mit keinen Wartungs- bzw. Reparaturkosten rechnen.<\/p>\n\n\n\n<p>Installiert wurden insgesamt 10 LED-Leuchten, die auf die 6 Masten des Trainingsplatzes verteilt sind. Interessant und vorteilhaft ist, dass die Spielfeldh\u00e4lften k\u00fcnftig auch einzeln geschaltet werden k\u00f6nnen.<\/p>\n\n\n\n<p>Die komplette Montage und Inbetriebnahme wurde durch die Fa. Hudson GmbH aus Amberg durchgef\u00fchrt.<\/p>\n\n\n\n<p>Der 1. FC 1919 Viechtach pr\u00e4sentiert sich mit der LED-Fluchtlichtanlage einmal mehr als umweltfreundlicher Verein, der immer darauf bedacht ist, Energiekosten einzusparen und dem Umweltschutz Rechnung zu tragen. In Sachen Klima- und Umweltschutz sowie Energiekosteneinsparung ist der Verein auf einem lobenswerten Weg.<\/p>\n\n\n\n<figure class=\"wp-block-gallery columns-3 is-cropped wp-block-gallery-1 is-layout-flex wp-block-gallery-is-layout-flex\"><ul class=\"blocks-gallery-grid\"><li class=\"blocks-gallery-item\"><figure><img loading=\"lazy\" decoding=\"async\" width=\"768\" height=\"1024\" src=\"https:\/\/fc-viechtach.de\/wp-content\/uploads\/2021\/10\/20210311_164831-768x1024.jpg\" alt=\"\" data-id=\"707\" data-full-url=\"https:\/\/fc-viechtach.de\/wp-content\/uploads\/2021\/10\/20210311_164831-scaled.jpg\" data-link=\"https:\/\/fc-viechtach.de\/?attachment_id=707\" class=\"wp-image-707\" srcset=\"https:\/\/fc-viechtach.de\/wp-content\/uploads\/2021\/10\/20210311_164831-768x1024.jpg 768w, https:\/\/fc-viechtach.de\/wp-content\/uploads\/2021\/10\/20210311_164831-225x300.jpg 225w, https:\/\/fc-viechtach.de\/wp-content\/uploads\/2021\/10\/20210311_164831-1152x1536.jpg 1152w, https:\/\/fc-viechtach.de\/wp-content\/uploads\/2021\/10\/20210311_164831-1536x2048.jpg 1536w, https:\/\/fc-viechtach.de\/wp-content\/uploads\/2021\/10\/20210311_164831-830x1107.jpg 830w, https:\/\/fc-viechtach.de\/wp-content\/uploads\/2021\/10\/20210311_164831-scaled.jpg 1920w\" sizes=\"auto, (max-width: 768px) 100vw, 768px\" \/><figcaption class=\"blocks-gallery-item__caption\">Aus alt &#8230;<\/figcaption><\/figure><\/li><li class=\"blocks-gallery-item\"><figure><img loading=\"lazy\" decoding=\"async\" width=\"768\" height=\"1024\" src=\"https:\/\/fc-viechtach.de\/wp-content\/uploads\/2021\/10\/20210311_173414-1-768x1024.jpg\" alt=\"\" data-id=\"708\" data-full-url=\"https:\/\/fc-viechtach.de\/wp-content\/uploads\/2021\/10\/20210311_173414-1-scaled.jpg\" data-link=\"https:\/\/fc-viechtach.de\/?attachment_id=708\" class=\"wp-image-708\" srcset=\"https:\/\/fc-viechtach.de\/wp-content\/uploads\/2021\/10\/20210311_173414-1-768x1024.jpg 768w, https:\/\/fc-viechtach.de\/wp-content\/uploads\/2021\/10\/20210311_173414-1-225x300.jpg 225w, https:\/\/fc-viechtach.de\/wp-content\/uploads\/2021\/10\/20210311_173414-1-1152x1536.jpg 1152w, https:\/\/fc-viechtach.de\/wp-content\/uploads\/2021\/10\/20210311_173414-1-1536x2048.jpg 1536w, https:\/\/fc-viechtach.de\/wp-content\/uploads\/2021\/10\/20210311_173414-1-830x1107.jpg 830w, https:\/\/fc-viechtach.de\/wp-content\/uploads\/2021\/10\/20210311_173414-1-scaled.jpg 1920w\" sizes=\"auto, (max-width: 768px) 100vw, 768px\" \/><figcaption class=\"blocks-gallery-item__caption\">&#8230; mach&#8216; &#8230;<\/figcaption><\/figure><\/li><li class=\"blocks-gallery-item\"><figure><img loading=\"lazy\" decoding=\"async\" width=\"768\" height=\"1024\" src=\"https:\/\/fc-viechtach.de\/wp-content\/uploads\/2021\/10\/20210311_174340-768x1024.jpg\" alt=\"\" data-id=\"709\" data-full-url=\"https:\/\/fc-viechtach.de\/wp-content\/uploads\/2021\/10\/20210311_174340-scaled.jpg\" data-link=\"https:\/\/fc-viechtach.de\/?attachment_id=709\" class=\"wp-image-709\" srcset=\"https:\/\/fc-viechtach.de\/wp-content\/uploads\/2021\/10\/20210311_174340-768x1024.jpg 768w, https:\/\/fc-viechtach.de\/wp-content\/uploads\/2021\/10\/20210311_174340-225x300.jpg 225w, https:\/\/fc-viechtach.de\/wp-content\/uploads\/2021\/10\/20210311_174340-1152x1536.jpg 1152w, https:\/\/fc-viechtach.de\/wp-content\/uploads\/2021\/10\/20210311_174340-1536x2048.jpg 1536w, https:\/\/fc-viechtach.de\/wp-content\/uploads\/2021\/10\/20210311_174340-830x1107.jpg 830w, https:\/\/fc-viechtach.de\/wp-content\/uploads\/2021\/10\/20210311_174340-scaled.jpg 1920w\" sizes=\"auto, (max-width: 768px) 100vw, 768px\" \/><figcaption class=\"blocks-gallery-item__caption\">&#8230; neu!<\/figcaption><\/figure><\/li><li class=\"blocks-gallery-item\"><figure><img loading=\"lazy\" decoding=\"async\" width=\"768\" height=\"1024\" src=\"https:\/\/fc-viechtach.de\/wp-content\/uploads\/2021\/10\/20210322_195555-768x1024.jpg\" alt=\"\" data-id=\"710\" data-full-url=\"https:\/\/fc-viechtach.de\/wp-content\/uploads\/2021\/10\/20210322_195555-scaled.jpg\" data-link=\"https:\/\/fc-viechtach.de\/?attachment_id=710\" class=\"wp-image-710\" srcset=\"https:\/\/fc-viechtach.de\/wp-content\/uploads\/2021\/10\/20210322_195555-768x1024.jpg 768w, https:\/\/fc-viechtach.de\/wp-content\/uploads\/2021\/10\/20210322_195555-225x300.jpg 225w, https:\/\/fc-viechtach.de\/wp-content\/uploads\/2021\/10\/20210322_195555-1152x1536.jpg 1152w, https:\/\/fc-viechtach.de\/wp-content\/uploads\/2021\/10\/20210322_195555-1536x2048.jpg 1536w, https:\/\/fc-viechtach.de\/wp-content\/uploads\/2021\/10\/20210322_195555-830x1107.jpg 830w, https:\/\/fc-viechtach.de\/wp-content\/uploads\/2021\/10\/20210322_195555-scaled.jpg 1920w\" sizes=\"auto, (max-width: 768px) 100vw, 768px\" \/><\/figure><\/li><\/ul><\/figure>\n\n\n\n<figure class=\"wp-block-image size-large\"><img loading=\"lazy\" decoding=\"async\" width=\"960\" height=\"540\" src=\"https:\/\/fc-viechtach.de\/wp-content\/uploads\/2021\/10\/Flutlicht_vorher-nachher.jpg\" alt=\"\" class=\"wp-image-705\" srcset=\"https:\/\/fc-viechtach.de\/wp-content\/uploads\/2021\/10\/Flutlicht_vorher-nachher.jpg 960w, https:\/\/fc-viechtach.de\/wp-content\/uploads\/2021\/10\/Flutlicht_vorher-nachher-300x169.jpg 300w, https:\/\/fc-viechtach.de\/wp-content\/uploads\/2021\/10\/Flutlicht_vorher-nachher-768x432.jpg 768w, https:\/\/fc-viechtach.de\/wp-content\/uploads\/2021\/10\/Flutlicht_vorher-nachher-830x467.jpg 830w\" sizes=\"auto, (max-width: 960px) 100vw, 960px\" \/><\/figure>\n\n\n\n<p><\/p>\n","protected":false},"excerpt":{"rendered":"<p>Der 1. FC 1919 Viechtach als umweltfreundlicher Sportverein \u2013 LED-Leuchten f\u00fcr Flutlichtanlage 01.10.2021 Einen weiteren wertvollen Beitrag zum Klima- und Umweltschutz sowie zur Energieeinsparung hat der 1. FC 1919 Viechtach in diesem Jahr geleistet. Die Flutlichtanlage auf dem Trainingsplatz der Regeninsel wurde auf LED-Technik umgestellt. Diese Ma\u00dfnahme, die neben dem Klima- und Umweltschutz auch eine&hellip;<\/p>\n","protected":false},"author":1,"featured_media":0,"parent":0,"menu_order":0,"comment_status":"closed","ping_status":"closed","template":"","meta":{"footnotes":""},"class_list":["post-701","page","type-page","status-publish","hentry"],"_links":{"self":[{"href":"https:\/\/fc-viechtach.de\/index.php?rest_route=\/wp\/v2\/pages\/701","targetHints":{"allow":["GET"]}}],"collection":[{"href":"https:\/\/fc-viechtach.de\/index.php?rest_route=\/wp\/v2\/pages"}],"about":[{"href":"https:\/\/fc-viechtach.de\/index.php?rest_route=\/wp\/v2\/types\/page"}],"author":[{"embeddable":true,"href":"https:\/\/fc-viechtach.de\/index.php?rest_route=\/wp\/v2\/users\/1"}],"replies":[{"embeddable":true,"href":"https:\/\/fc-viechtach.de\/index.php?rest_route=%2Fwp%2Fv2%2Fcomments&post=701"}],"version-history":[{"count":4,"href":"https:\/\/fc-viechtach.de\/index.php?rest_route=\/wp\/v2\/pages\/701\/revisions"}],"predecessor-version":[{"id":713,"href":"https:\/\/fc-viechtach.de\/index.php?rest_route=\/wp\/v2\/pages\/701\/revisions\/713"}],"wp:attachment":[{"href":"https:\/\/fc-viechtach.de\/index.php?rest_route=%2Fwp%2Fv2%2Fmedia&parent=701"}],"curies":[{"name":"wp","href":"https:\/\/api.w.org\/{rel}","templated":true}]}}