{"id":482,"date":"2018-05-31T19:16:47","date_gmt":"2018-05-31T18:16:47","guid":{"rendered":"http:\/\/fc-viechtach.de\/?page_id=482"},"modified":"2018-06-16T07:27:40","modified_gmt":"2018-06-16T06:27:40","slug":"impressum-2","status":"publish","type":"page","link":"https:\/\/fc-viechtach.de\/?page_id=482","title":{"rendered":"Impressum"},"content":{"rendered":"<p>Angaben gem\u00e4\u00df \u00a7 5 TMG:<\/p>\n<p>1. FC 1919 Viechtach e. V.<br \/>\nRegeninsel<br \/>\n94234 Viechtach<br \/>\nVertreten durch:<\/p>\n<p>Martin W\u00fchr (1. Vorsitzender)<br \/>\nKontakt:<\/p>\n<p>info(at)fc-viechtach.de<\/p>\n<p>Tel: 09942\/5574<\/p>\n<p>&nbsp;<\/p>\n<p>Haftungsbeschr\u00e4nkung f\u00fcr externe Links: Unsere Webseite enth\u00e4lt Verkn\u00fcpfungen zu Webseiten Dritter (sog. \u201eexterne Links\u201c). Da wir auf deren Inhalte keinen Einfluss haben, kann f\u00fcr die fremden Inhalte keine Gew\u00e4hr \u00fcbernommen werden. F\u00fcr die Inhalte und Richtigkeit der Informationen ist stets der jeweilige Informationsanbieter der verlinkten Webseite verantwortlich. Zum Zeitpunkt der Verlinkung waren keine Rechtsverst\u00f6\u00dfe erkennbar. Sobald uns eine Rechtsverletzung bekannt wird, werden wir den jeweiligen Link umgehend entfernen.<\/p>\n","protected":false},"excerpt":{"rendered":"<p>Angaben gem\u00e4\u00df \u00a7 5 TMG: 1. FC 1919 Viechtach e. V. Regeninsel 94234 Viechtach Vertreten durch: Martin W\u00fchr (1. Vorsitzender) Kontakt: info(at)fc-viechtach.de Tel: 09942\/5574 &nbsp; Haftungsbeschr\u00e4nkung f\u00fcr externe Links: Unsere Webseite enth\u00e4lt Verkn\u00fcpfungen zu Webseiten Dritter (sog. \u201eexterne Links\u201c). Da wir auf deren Inhalte keinen Einfluss haben, kann f\u00fcr die fremden Inhalte keine Gew\u00e4hr \u00fcbernommen&hellip;<\/p>\n","protected":false},"author":1,"featured_media":0,"parent":484,"menu_order":6,"comment_status":"closed","ping_status":"closed","template":"","meta":{"footnotes":""},"class_list":["post-482","page","type-page","status-publish","hentry"],"_links":{"self":[{"href":"https:\/\/fc-viechtach.de\/index.php?rest_route=\/wp\/v2\/pages\/482","targetHints":{"allow":["GET"]}}],"collection":[{"href":"https:\/\/fc-viechtach.de\/index.php?rest_route=\/wp\/v2\/pages"}],"about":[{"href":"https:\/\/fc-viechtach.de\/index.php?rest_route=\/wp\/v2\/types\/page"}],"author":[{"embeddable":true,"href":"https:\/\/fc-viechtach.de\/index.php?rest_route=\/wp\/v2\/users\/1"}],"replies":[{"embeddable":true,"href":"https:\/\/fc-viechtach.de\/index.php?rest_route=%2Fwp%2Fv2%2Fcomments&post=482"}],"version-history":[{"count":3,"href":"https:\/\/fc-viechtach.de\/index.php?rest_route=\/wp\/v2\/pages\/482\/revisions"}],"predecessor-version":[{"id":493,"href":"https:\/\/fc-viechtach.de\/index.php?rest_route=\/wp\/v2\/pages\/482\/revisions\/493"}],"up":[{"embeddable":true,"href":"https:\/\/fc-viechtach.de\/index.php?rest_route=\/wp\/v2\/pages\/484"}],"wp:attachment":[{"href":"https:\/\/fc-viechtach.de\/index.php?rest_route=%2Fwp%2Fv2%2Fmedia&parent=482"}],"curies":[{"name":"wp","href":"https:\/\/api.w.org\/{rel}","templated":true}]}}